factor of h and 1?
1
Let t(o) = 86*o + 4. Let x be t(-2). Let u be ((-2)/(-6))/((-2)/x). Calculate the greatest common divisor of 224 and u.
28
Suppose 5*c + 3*m - 4012 = 0, -2*m - 1944 = -4*c + 1270. What is the highest common factor of c and 11?
11
Let i = 517 + -460. Calculate the greatest common divisor of i and 15.
3
Let v(a) = -a**3 - 12*a**2 - 10*a - 9. Let s be v(-9). Let t be (s/45)/(2/(-15)). Calculate the highest common factor of t and 216.
27
Let w(t) = 2*t**2 - 5*t + 2. Let f be w(3). Suppose -3*c + 45 = 2*x, 28 = f*c - 4*c + 5*x. What is the highest common divisor of c and 143?
13
Let g = 45 - 21. Let k = g - 19. Suppose k*f = -3*r + r - 7, 5*r - 5*f - 70 = 0. Calculate the greatest common factor of r and 9.
9
Suppose 0 = -3*n + 5 - 2. Let y be (-1*4)/(-98 + 94). What is the greatest common divisor of n and y?
1
Suppose -j + 160 = j. Suppose 0 = 3*t - 9, -3*t = 4*l - 6*t - 43. Suppose -84 - 124 = -l*s. Calculate the greatest common divisor of j and s.
16
Suppose 0 = -141*l + 150*l - 9108. Calculate the highest common factor of 88 and l.
44
Suppose -4*s - 4*m + 0*m + 136 = 0, 4*s - 164 = 3*m. Calculate the greatest common divisor of s and 2.
2
Let q = 52 - 47. Let o(d) = 2*d - 1. Let n be o(3). Suppose 3*b - 240 = -b - 5*i, -3*b - n*i = -185. What is the greatest common divisor of q and b?
5
Let q be (35 - 17)*4/((-8)/(-15)). Calculate the highest common factor of q and 225.
45
Let p be 12/(-9)*(-76 - 8). Calculate the greatest common divisor of 16 and p.
16
Suppose h - 8*h = -49. Let t be h/(-14) + 45/6. Let v be ((-42)/8)/((-2)/8). What is the greatest common divisor of v and t?
7
Suppose -3*q + 2*n + 29 + 59 = 0, -48 = -2*q + 4*n. What is the greatest common divisor of 1 and q?
1
Let o(k) = 595*k**2 - 10*k - 11. Let y be o(-1). Calculate the highest common factor of 11 and y.
11
Suppose x = 4*p - 4*x - 68, 64 = 2*p + 5*x. Let o(z) = -2*z - 3. Let f be o(10). Let y = f + 78. Calculate the highest common factor of p and y.
11
Suppose 3 = 2*f + 1. Let r be 3 + -5 - (f - 57). Calculate the greatest common divisor of 486 and r.
54
Suppose -n + 6 - 3 = 0. Suppose j - 28 = -3*y - j, -n*j = 4*y - 38. Calculate the highest common divisor of y and 64.
8
Let b(t) = -t**3 - 5*t**2 + 5*t - 4. Let x be b(-6). Let h be ((-120)/(-28))/(x/7). Calculate the greatest common factor of h and 45.
15
Suppose z = 3*z + 4, -5*v - 4*z = -67. Let l(d) = d**2 + d - 16. Let j be l(v). Calculate the greatest common factor of 28 and j.
28
Suppose 113 = j - 41. Suppose 5*a - 3*s = 101, -a + 53 = 4*s + 19. Calculate the greatest common factor of a and j.
22
Let w be 74/370 - 6694/(-5). What is the highest common factor of w and 13?
13
Let g(h) = 8*h**2 + 2*h + 2. Let m(l) = 9*l**2 + l + 2. Let x(o) = 7*g(o) - 6*m(o). Let j be x(-7). What is the highest common divisor of j and 11?
11
Let g be (39/(-6) - 0)*-12. Suppose -5*z = 3*h - g, -z - 26 = -h - 3*z. Let s = 168 + -116. Calculate the greatest common divisor of h and s.
26
Suppose -2*r + 3409 = -3*c, r - 2*c - 1712 = 2*c. What is the greatest common divisor of r and 4?
4
Suppose 2*g + 0*g + h - 142 = 0, -264 = -4*g + 3*h. Calculate the greatest common factor of g and 552.
69
Let z be (-1 - -3) + -5 + 68. Suppose 2*t = 3*t. Let p(r) = r**3 + r**2 - r + 13. Let s be p(t). Calculate the highest common divisor of s and z.
13
Let u = 583 - 492. What is the greatest common divisor of u and 26?
13
Let v = 15 + 22. Let w(x) = x**2 - 17*x + 60. Let z be w(12). Suppose -4*k - 71 + 663 = z. Calculate the highest common divisor of v and k.
37
Suppose -2*y - 5 = -3*y. Let h be (28/y)/((-40)/(-300)). What is the highest common factor of 147 and h?
21
Let x = 41 + 87. Suppose -250 = -20*t + 70. Calculate the greatest common factor of t and x.
16
Suppose -o - o + 22 = 0. Let y be (0 + 23/3)/((-19)/(-57)). Let a = 78 - y. What is the greatest common divisor of o and a?
11
Suppose 13*a - 10*a - 25 = -2*b, 4 = -4*b. Calculate the highest common factor of a and 63.
9
Suppose 3*w + 5*a - 33 = 131, 220 = 5*w - 5*a. Suppose 4*y - y = w. Let i be 3 - (-2)/((-16)/(-360)). Calculate the highest common factor of i and y.
16
Let h be 4 + 60 + 1 - -3. Suppose 0 = 3*w - h + 23. Calculate the highest common factor of 5 and w.
5
Let o(u) = 0 + 3 + 6*u + 7 + 6. Let a be o(0). Calculate the highest common factor of 16 and a.
16
Suppose 5*n - 448 = -4*g, -3*n = 66*g - 70*g + 416. Calculate the highest common divisor of g and 1.
1
Let m(s) = 23*s**2 - s. Let i be m(-1). Let h be (-45 - 27)*1/((-3)/8). Calculate the greatest common factor of h and i.
24
Let x be 1/(13/(-14) + 1). Suppose 0 = j - 0*j + 6. Let n be ((-14)/j)/(2/6). What is the highest common factor of n and x?
7
Let b = 17 - -1. Suppose -17*g + 14*g + 75 = -7*j, g - 30 = 4*j. Calculate the greatest common divisor of g and b.
18
Suppose -j + 45 = -4*q, 7*q - 3*q = -2*j + 30. What is the greatest common factor of j and 2350?
25
Suppose 0 = q - 10 + 1. Let b be (-14 + -10)*(-135)/72. Calculate the highest common factor of q and b.
9
Let q(x) = 45*x + 136. Let k be q(-3). What is the highest common factor of k and 3?
1
Let s = 5 + 13. Calculate the highest common divisor of s and 198.
18
Let v(b) = 9*b**2 - 16*b + 42. Let t be v(4). What is the greatest common factor of 2 and t?
2
Suppose 129 = 5*w - 5*y + 4, 0 = 2*y - 6. Calculate the greatest common factor of w and 378.
14
Let l be (-2)/(8 + 1605/(-200)). Calculate the greatest common divisor of l and 16.
16
Let p be ((-108)/42)/(990/336 - 3). Calculate the greatest common divisor of 384 and p.
48
Suppose -10 = -5*p, 0 = -4*z + 2*p - 5*p + 14. Suppose -z*w - 20 = -58. What is the highest common factor of w and 209?
19
Let f(c) = -28*c + 954. Let y be f(20). Calculate the greatest common divisor of 2 and y.
2
Let c(h) = -21*h - 4. Let v be c(-2). Suppose f - v = 3*f. Let l be (f + (0 - -3))/(-2). What is the greatest common factor of l and 1?
1
Let n be 1*6 + (10 - (-11 + -135)). Calculate the greatest common divisor of 36 and n.
18
Let n be (-14)/12*-3 - 2/4. Suppose 0 = -n*z - 2 + 26. What is the greatest common factor of z and 2?
2
Let b(z) = -15*z - 41. Let x be b(-11). Let g = x - 121. What is the greatest common divisor of g and 24?
3
Let a(j) = j**2 - j. Let w be a(2). Suppose 47 = 5*d + 2*l, l - 14 = -w*d - l. Let g = -85 + 184. Calculate the greatest common factor of d and g.
11
Let t = -16 + 17. Let h = t - -3. Suppose -5*w + h*p = -300, 0 = w - 3*w + 3*p + 120. Calculate the highest common factor of 10 and w.
10
Let d = 121 + -70. Let v(c) = -9*c - 3. Let o be v(-6). What is the greatest common divisor of o and d?
51
Let h(f) = -25*f - 2. Let p be h(3). Let g = p + 133. What is the highest common divisor of g and 8?
8
Suppose 0 = -5*f + 2529 - 209. Calculate the greatest common divisor of f and 16.
16
Let g be (-5 + 20/(-25) - -5)*-20. What is the highest common factor of 352 and g?
16
Let i = 29 + 1. Suppose 3*c + 21 = 2*a, 5*a - 12*c = 2*a + 24. Calculate the greatest common divisor of i and a.
6
Suppose 2*o - 5*q = 1159, 4*q - 1334 = -5*o + 1481. Calculate the highest common divisor of 81 and o.
81
Let b(m) = 14*m**2 - 8*m + 5. Let t be b(2). Calculate the greatest common divisor of t and 54.
9
Suppose 3*p = 16 + 89. What is the greatest common factor of 28 and p?
7
Let n(p) = p + 22. Let u be (-30)/(-4)*(-12 + 10). Let g be n(u). What is the highest common factor of 7 and g?
7
Let s be (289 - (-7 - 1))*1. Calculate the highest common divisor of s and 27.
27
Suppose -2*w = -0*w + 108. Let m = w - -58. Suppose -4*v = 4*h - 12, -2*v - 2*h = -4*h - 10. What is the highest common factor of v and m?
4
Let g = -30 + 145. Calculate the highest common factor of g and 46.
23
Let d(v) = -4*v + 17. Let s(j) = j**3 + 7*j**2 + 14*j + 8. Let w be s(-4). Let f be d(w). What is the greatest common divisor of f and 17?
17
Let k be (15 + (-320)/24)*378/5. Calculate the greatest common divisor of k and 24.
6
Let r be ((-8)/10)/(14/(-35)). Suppose 4*l + 6*v = 2*v + 112, -r*l - v + 54 = 0. Let o = -18 + l. Calculate the greatest common factor of 12 and o.
4
Suppose 3*q = -9, 3*k = -5*q - 0*q - 57. Let c = -5 - k. Calculate the highest common divisor of c and 45.
9
Let q(n) = -n**3 + 30*n**2 - 44*n + 64. Let y be q(28). Calculate the h